{"id":1721,"date":"2014-10-28T14:26:14","date_gmt":"2014-10-28T14:26:14","guid":{"rendered":"https:\/\/siriuscolor.com\/?page_id=1721"},"modified":"2025-01-07T06:57:52","modified_gmt":"2025-01-07T06:57:52","slug":"custom-feature-slider","status":"publish","type":"page","link":"https:\/\/siriuscolor.com\/?page_id=1721","title":{"rendered":"Dan\u0131\u015fmanl\u0131k Hizmetleri"},"content":{"rendered":"<div class=\"wpb-content-wrapper\"><p>[vc_row header_feature=&#8221;yes&#8221; padding_top=&#8221;120&#8243; padding_bottom=&#8221;120&#8243; margin_bottom=&#8221;0&#8243;][vc_column width=&#8221;1\/2&#8243;]<div class=\"grve-element grve-slogan grve-align-left\" style=\"\"><h3 class=\"grve-slogan-title grve-align-left grve-title-no-line\"><span>T\u00fcm Boyalar i\u00e7in \u00d6zel Re\u00e7ete ve Hammadde \u00e7\u00f6z\u00fcmleri<\/span><\/h3>  <p class=\"grve-leader-text\">Alan\u0131nda uzman, sekt\u00f6rde farkl\u0131 alanlarda ve \u00e7e\u015fitli firmalarda 20 y\u0131l \u00e7al\u0131\u015fm\u0131\u015f ekibimizle; sanayi, in\u015faat, tekstil, otomotiv, gemi, yat vb. her t\u00fcrden ve cinsten boya ve pigment pasta ile t\u00fcm boya i\u00e7in ihtiyac\u0131n\u0131z olan form\u00fcl, re\u00e7ete ve hammadde dan\u0131\u015fmal\u0131\u011f\u0131 sunuyoruz.<\/p><\/div>[\/vc_column][vc_column width=&#8221;1\/2&#8243;][vc_column_text css=&#8221;&#8221;]<\/p>\n<div class=\"h-global-transition-all h-heading style-406 style-local-269-c19 position-relative h-element\" data-colibri-id=\"269-c19\">\n<div class=\"h-heading__outer style-406 style-local-269-c19\">\n<h2 class=\"\">Proses\u00a0<em>dan\u0131\u015fmanl\u0131\u011f\u0131<\/em>\u00a0ve\u00a0<em><br \/>\nfabrika\u00a0<\/em>kurulumu<\/h2>\n<\/div>\n<\/div>\n<div class=\"h-text h-text-component style-407 style-local-269-c20 position-relative h-element\" data-colibri-id=\"269-c20\">\n<div class=\"\">\n<p>\u0130\u015fleriniz i\u00e7in size en uygun makina ve techizat se\u00e7imi konusunda destek oluyor , do\u011fru yat\u0131r\u0131mla i\u015flerinizi b\u00fcy\u00fctmenizi sa\u011fl\u0131yoruz.<\/p><\/div>\n<\/div>\n<div class=\"h-x-container style-408 style-local-269-c21 position-relative h-element\" data-colibri-id=\"269-c21\">\n<div class=\"h-x-container-inner style-dynamic-269-c21-group style-408-spacing style-local-269-c21-spacing\"><\/div>\n<\/div>\n<p>[\/vc_column_text]<div class=\"grve-element grve-image grve-align-center\" style=\"\"><img loading=\"lazy\" decoding=\"async\" width=\"1277\" height=\"834\" src=\"https:\/\/siriuscolor.com\/wp-content\/uploads\/2024\/12\/cropped-adsiz-son-1.png\" class=\"attachment-full size-full\" alt=\"\" srcset=\"https:\/\/siriuscolor.com\/wp-content\/uploads\/2024\/12\/cropped-adsiz-son-1.png 1277w, https:\/\/siriuscolor.com\/wp-content\/uploads\/2024\/12\/cropped-adsiz-son-1-300x196.png 300w, https:\/\/siriuscolor.com\/wp-content\/uploads\/2024\/12\/cropped-adsiz-son-1-1024x669.png 1024w, https:\/\/siriuscolor.com\/wp-content\/uploads\/2024\/12\/cropped-adsiz-son-1-768x502.png 768w, https:\/\/siriuscolor.com\/wp-content\/uploads\/2024\/12\/cropped-adsiz-son-1-600x392.png 600w\" sizes=\"auto, (max-width: 1277px) 100vw, 1277px\" \/><\/div>[\/vc_column][\/vc_row][vc_row footer_feature=&#8221;yes&#8221; padding_bottom=&#8221;120&#8243;][vc_column]<div class=\"grve-element grve-align-center grve-animated-item grve-fadeInUp\" data-delay=\"200\"><a class=\"grve-btn grve-btn-extralarge grve-square grve-black-color\" href=\"https:\/\/siriuscolor.com\/?page_id=4543\" target=\"_self\" style=\"\"><span>\u0130leti\u015fim'e Ge\u00e7in<\/span><\/a><\/div>[\/vc_column][\/vc_row]<\/p>\n<\/div>","protected":false},"excerpt":{"rendered":"<p>[vc_row header_feature=&#8221;yes&#8221; padding_top=&#8221;120&#8243; padding_bottom=&#8221;120&#8243; margin_bottom=&#8221;0&#8243;][vc_column width=&#8221;1\/2&#8243;][\/vc_column][vc_column width=&#8221;1\/2&#8243;][vc_column_text css=&#8221;&#8221;] Proses\u00a0dan\u0131\u015fmanl\u0131\u011f\u0131\u00a0ve\u00a0 fabrika\u00a0kurulumu \u0130\u015fleriniz i\u00e7in size en uygun makina ve techizat se\u00e7imi konusunda destek oluyor , do\u011fru yat\u0131r\u0131mla i\u015flerinizi b\u00fcy\u00fctmenizi sa\u011fl\u0131yoruz. [\/vc_column_text][\/vc_column][\/vc_row][vc_row footer_feature=&#8221;yes&#8221; padding_bottom=&#8221;120&#8243;][vc_column][\/vc_column][\/vc_row]<\/p>\n","protected":false},"author":1,"featured_media":0,"parent":0,"menu_order":0,"comment_status":"open","ping_status":"open","template":"","meta":{"footnotes":""},"class_list":["post-1721","page","type-page","status-publish","hentry"],"_links":{"self":[{"href":"https:\/\/siriuscolor.com\/index.php?rest_route=\/wp\/v2\/pages\/1721","targetHints":{"allow":["GET"]}}],"collection":[{"href":"https:\/\/siriuscolor.com\/index.php?rest_route=\/wp\/v2\/pages"}],"about":[{"href":"https:\/\/siriuscolor.com\/index.php?rest_route=\/wp\/v2\/types\/page"}],"author":[{"embeddable":true,"href":"https:\/\/siriuscolor.com\/index.php?rest_route=\/wp\/v2\/users\/1"}],"replies":[{"embeddable":true,"href":"https:\/\/siriuscolor.com\/index.php?rest_route=%2Fwp%2Fv2%2Fcomments&post=1721"}],"version-history":[{"count":8,"href":"https:\/\/siriuscolor.com\/index.php?rest_route=\/wp\/v2\/pages\/1721\/revisions"}],"predecessor-version":[{"id":4665,"href":"https:\/\/siriuscolor.com\/index.php?rest_route=\/wp\/v2\/pages\/1721\/revisions\/4665"}],"wp:attachment":[{"href":"https:\/\/siriuscolor.com\/index.php?rest_route=%2Fwp%2Fv2%2Fmedia&parent=1721"}],"curies":[{"name":"wp","href":"https:\/\/api.w.org\/{rel}","templated":true}]}}